{"id":291,"date":"2020-04-27T08:08:00","date_gmt":"2020-04-27T06:08:00","guid":{"rendered":"https:\/\/familie-fussek.at\/?page_id=291"},"modified":"2020-04-29T18:27:26","modified_gmt":"2020-04-29T16:27:26","slug":"blender","status":"publish","type":"page","link":"https:\/\/familie-fussek.at\/?page_id=291","title":{"rendered":"Blender"},"content":{"rendered":"<p>Ich lernte Blender auch \u00fcber Video-Tutorials, wobei ich meist auf deutsche Tutorials gesto\u00dfen bin und die Leute in der englischen Version gearbeitet haben. Nat\u00fcrlich hat es auch einen Vorteil, wenn es in English ist, da wie geschrieben die Befehle dann auch in Englisch lesbar sind. Dennoch habe ich mich entschlossen deutsche Tutorials mit einer deutschen Version zu erstellen.<\/p>\n<p>Blender ist eine freie 3D-Grafiksuite, mit welcher sich Objekte modellieren, texturieren und animieren lassen. Dieses Programm gibt es f\u00fcr verschiedene Betriebssysteme wie z.B. Windows, Linux, Mac usw.<\/p>\n<p>Mit Blender k\u00f6nnt ihr Objekte erstellen, wie z.B. Euer Zuhause 3 D m\u00e4\u00dfig nachbauen, Filme erzeugen, Bilder und Filme rendern, Animationen erstellen z.B. ein Intro f\u00fcr eure Videos, Werbung erstellen in Bild und in Video. Wenn ihr ganz schlau seid, k\u00f6nnt ihr auch programmieren und selbst Spiele erstellen. Blender ist so vielf\u00e4ltig und das alles kostenlos. Nicht nur das &#8211; es gibt auch sehr gute Apps (Add-ons in Blender bezeichnet) die einem das Arbeiten sehr erleichtern, auch da sind einige kostenlos.<\/p>\n<p>Ich bin kein Blender-Profi und selbst noch am Lernen, wobei ich \u00fcberrascht war was alles m\u00f6glich ist, wo ich f\u00fcr andere Programme 1000te von Euros zahlen m\u00fcsste.<\/p>\n<p>Da ich selbst PDF oder Videos von meinem Projekten erstelle, lerne ich es weit besser, da sich sicher keiner am Anfang alles merken kann und wenn ich oder ihr was zum Nachlesen habt, werde ich oder Ihr es einfach besser lernen.<\/p>\n<p>Zurzeit (Mai 2020) verwende ich Blender Version 2.82, wobei ich gelesen habe, dass es im September 2.9 geben sollte und n\u00e4chstes Jahr die Version 3 erscheinen sollte.<\/p>\n<p>Nat\u00fcrlich werde ich auch mit der Zeit gehen und die Projekte je nach Version erstellen.<\/p>\n","protected":false},"excerpt":{"rendered":"<p>Ich lernte Blender auch \u00fcber Video-Tutorials, wobei ich meist auf deutsche Tutorials gesto\u00dfen bin und die Leute in der englischen Version gearbeitet haben. Nat\u00fcrlich hat es auch einen Vorteil, wenn es in English ist, da wie geschrieben die Befehle dann auch in Englisch lesbar sind. Dennoch habe ich mich entschlossen deutsche Tutorials mit einer deutschen &hellip; <\/p>\n<p class=\"link-more\"><a href=\"https:\/\/familie-fussek.at\/?page_id=291\" class=\"more-link\"><span class=\"screen-reader-text\">\u201eBlender\u201c<\/span> weiterlesen<\/a><\/p>\n","protected":false},"author":1,"featured_media":305,"parent":0,"menu_order":0,"comment_status":"closed","ping_status":"closed","template":"","meta":{"ngg_post_thumbnail":0,"footnotes":""},"class_list":["post-291","page","type-page","status-publish","has-post-thumbnail","hentry"],"yoast_head":"<!-- This site is optimized with the Yoast SEO plugin v25.1 - https:\/\/yoast.com\/wordpress\/plugins\/seo\/ -->\n<title>Blender - Melli\u00b4s &amp; G\u00fcnter\u00b4s Webseite<\/title>\n<meta name=\"robots\" content=\"index, follow, max-snippet:-1, max-image-preview:large, max-video-preview:-1\" \/>\n<link rel=\"canonical\" href=\"https:\/\/familie-fussek.at\/?page_id=291\" \/>\n<meta property=\"og:locale\" content=\"de_DE\" \/>\n<meta property=\"og:type\" content=\"article\" \/>\n<meta property=\"og:title\" content=\"Blender - Melli\u00b4s &amp; G\u00fcnter\u00b4s Webseite\" \/>\n<meta property=\"og:description\" content=\"Ich lernte Blender auch \u00fcber Video-Tutorials, wobei ich meist auf deutsche Tutorials gesto\u00dfen bin und die Leute in der englischen Version gearbeitet haben. Nat\u00fcrlich hat es auch einen Vorteil, wenn es in English ist, da wie geschrieben die Befehle dann auch in Englisch lesbar sind. Dennoch habe ich mich entschlossen deutsche Tutorials mit einer deutschen &hellip; \u201eBlender\u201c weiterlesen\" \/>\n<meta property=\"og:url\" content=\"https:\/\/familie-fussek.at\/?page_id=291\" \/>\n<meta property=\"og:site_name\" content=\"Melli\u00b4s &amp; G\u00fcnter\u00b4s Webseite\" \/>\n<meta property=\"article:publisher\" content=\"https:\/\/www.facebook.com\/FussekGuenter\" \/>\n<meta property=\"article:modified_time\" content=\"2020-04-29T16:27:26+00:00\" \/>\n<meta property=\"og:image\" content=\"https:\/\/familie-fussek.at\/wp-content\/uploads\/2020\/04\/Blender-G\u00fcnter-Fussek.jpg\" \/>\n\t<meta property=\"og:image:width\" content=\"1917\" \/>\n\t<meta property=\"og:image:height\" content=\"1052\" \/>\n\t<meta property=\"og:image:type\" content=\"image\/jpeg\" \/>\n<meta name=\"twitter:card\" content=\"summary_large_image\" \/>\n<meta name=\"twitter:label1\" content=\"Gesch\u00e4tzte Lesezeit\" \/>\n\t<meta name=\"twitter:data1\" content=\"1\u00a0Minute\" \/>\n<script type=\"application\/ld+json\" class=\"yoast-schema-graph\">{\"@context\":\"https:\/\/schema.org\",\"@graph\":[{\"@type\":\"WebPage\",\"@id\":\"https:\/\/familie-fussek.at\/?page_id=291\",\"url\":\"https:\/\/familie-fussek.at\/?page_id=291\",\"name\":\"Blender - Melli\u00b4s &amp; G\u00fcnter\u00b4s Webseite\",\"isPartOf\":{\"@id\":\"https:\/\/familie-fussek.at\/#website\"},\"primaryImageOfPage\":{\"@id\":\"https:\/\/familie-fussek.at\/?page_id=291#primaryimage\"},\"image\":{\"@id\":\"https:\/\/familie-fussek.at\/?page_id=291#primaryimage\"},\"thumbnailUrl\":\"https:\/\/familie-fussek.at\/wp-content\/uploads\/2020\/04\/Blender-G\u00fcnter-Fussek.jpg\",\"datePublished\":\"2020-04-27T06:08:00+00:00\",\"dateModified\":\"2020-04-29T16:27:26+00:00\",\"breadcrumb\":{\"@id\":\"https:\/\/familie-fussek.at\/?page_id=291#breadcrumb\"},\"inLanguage\":\"de\",\"potentialAction\":[{\"@type\":\"ReadAction\",\"target\":[\"https:\/\/familie-fussek.at\/?page_id=291\"]}]},{\"@type\":\"ImageObject\",\"inLanguage\":\"de\",\"@id\":\"https:\/\/familie-fussek.at\/?page_id=291#primaryimage\",\"url\":\"https:\/\/familie-fussek.at\/wp-content\/uploads\/2020\/04\/Blender-G\u00fcnter-Fussek.jpg\",\"contentUrl\":\"https:\/\/familie-fussek.at\/wp-content\/uploads\/2020\/04\/Blender-G\u00fcnter-Fussek.jpg\",\"width\":1917,\"height\":1052},{\"@type\":\"BreadcrumbList\",\"@id\":\"https:\/\/familie-fussek.at\/?page_id=291#breadcrumb\",\"itemListElement\":[{\"@type\":\"ListItem\",\"position\":1,\"name\":\"Startseite\",\"item\":\"https:\/\/familie-fussek.at\/\"},{\"@type\":\"ListItem\",\"position\":2,\"name\":\"Blender\"}]},{\"@type\":\"WebSite\",\"@id\":\"https:\/\/familie-fussek.at\/#website\",\"url\":\"https:\/\/familie-fussek.at\/\",\"name\":\"Melli\u00b4s &amp; G\u00fcnter\u00b4s Webseite\",\"description\":\"\",\"potentialAction\":[{\"@type\":\"SearchAction\",\"target\":{\"@type\":\"EntryPoint\",\"urlTemplate\":\"https:\/\/familie-fussek.at\/?s={search_term_string}\"},\"query-input\":{\"@type\":\"PropertyValueSpecification\",\"valueRequired\":true,\"valueName\":\"search_term_string\"}}],\"inLanguage\":\"de\"}]}<\/script>\n<!-- \/ Yoast SEO plugin. -->","yoast_head_json":{"title":"Blender - Melli\u00b4s &amp; G\u00fcnter\u00b4s Webseite","robots":{"index":"index","follow":"follow","max-snippet":"max-snippet:-1","max-image-preview":"max-image-preview:large","max-video-preview":"max-video-preview:-1"},"canonical":"https:\/\/familie-fussek.at\/?page_id=291","og_locale":"de_DE","og_type":"article","og_title":"Blender - Melli\u00b4s &amp; G\u00fcnter\u00b4s Webseite","og_description":"Ich lernte Blender auch \u00fcber Video-Tutorials, wobei ich meist auf deutsche Tutorials gesto\u00dfen bin und die Leute in der englischen Version gearbeitet haben. Nat\u00fcrlich hat es auch einen Vorteil, wenn es in English ist, da wie geschrieben die Befehle dann auch in Englisch lesbar sind. Dennoch habe ich mich entschlossen deutsche Tutorials mit einer deutschen &hellip; \u201eBlender\u201c weiterlesen","og_url":"https:\/\/familie-fussek.at\/?page_id=291","og_site_name":"Melli\u00b4s &amp; G\u00fcnter\u00b4s Webseite","article_publisher":"https:\/\/www.facebook.com\/FussekGuenter","article_modified_time":"2020-04-29T16:27:26+00:00","og_image":[{"width":1917,"height":1052,"url":"https:\/\/familie-fussek.at\/wp-content\/uploads\/2020\/04\/Blender-G\u00fcnter-Fussek.jpg","type":"image\/jpeg"}],"twitter_card":"summary_large_image","twitter_misc":{"Gesch\u00e4tzte Lesezeit":"1\u00a0Minute"},"schema":{"@context":"https:\/\/schema.org","@graph":[{"@type":"WebPage","@id":"https:\/\/familie-fussek.at\/?page_id=291","url":"https:\/\/familie-fussek.at\/?page_id=291","name":"Blender - Melli\u00b4s &amp; G\u00fcnter\u00b4s Webseite","isPartOf":{"@id":"https:\/\/familie-fussek.at\/#website"},"primaryImageOfPage":{"@id":"https:\/\/familie-fussek.at\/?page_id=291#primaryimage"},"image":{"@id":"https:\/\/familie-fussek.at\/?page_id=291#primaryimage"},"thumbnailUrl":"https:\/\/familie-fussek.at\/wp-content\/uploads\/2020\/04\/Blender-G\u00fcnter-Fussek.jpg","datePublished":"2020-04-27T06:08:00+00:00","dateModified":"2020-04-29T16:27:26+00:00","breadcrumb":{"@id":"https:\/\/familie-fussek.at\/?page_id=291#breadcrumb"},"inLanguage":"de","potentialAction":[{"@type":"ReadAction","target":["https:\/\/familie-fussek.at\/?page_id=291"]}]},{"@type":"ImageObject","inLanguage":"de","@id":"https:\/\/familie-fussek.at\/?page_id=291#primaryimage","url":"https:\/\/familie-fussek.at\/wp-content\/uploads\/2020\/04\/Blender-G\u00fcnter-Fussek.jpg","contentUrl":"https:\/\/familie-fussek.at\/wp-content\/uploads\/2020\/04\/Blender-G\u00fcnter-Fussek.jpg","width":1917,"height":1052},{"@type":"BreadcrumbList","@id":"https:\/\/familie-fussek.at\/?page_id=291#breadcrumb","itemListElement":[{"@type":"ListItem","position":1,"name":"Startseite","item":"https:\/\/familie-fussek.at\/"},{"@type":"ListItem","position":2,"name":"Blender"}]},{"@type":"WebSite","@id":"https:\/\/familie-fussek.at\/#website","url":"https:\/\/familie-fussek.at\/","name":"Melli\u00b4s &amp; G\u00fcnter\u00b4s Webseite","description":"","potentialAction":[{"@type":"SearchAction","target":{"@type":"EntryPoint","urlTemplate":"https:\/\/familie-fussek.at\/?s={search_term_string}"},"query-input":{"@type":"PropertyValueSpecification","valueRequired":true,"valueName":"search_term_string"}}],"inLanguage":"de"}]}},"_links":{"self":[{"href":"https:\/\/familie-fussek.at\/index.php?rest_route=\/wp\/v2\/pages\/291","targetHints":{"allow":["GET"]}}],"collection":[{"href":"https:\/\/familie-fussek.at\/index.php?rest_route=\/wp\/v2\/pages"}],"about":[{"href":"https:\/\/familie-fussek.at\/index.php?rest_route=\/wp\/v2\/types\/page"}],"author":[{"embeddable":true,"href":"https:\/\/familie-fussek.at\/index.php?rest_route=\/wp\/v2\/users\/1"}],"replies":[{"embeddable":true,"href":"https:\/\/familie-fussek.at\/index.php?rest_route=%2Fwp%2Fv2%2Fcomments&post=291"}],"version-history":[{"count":2,"href":"https:\/\/familie-fussek.at\/index.php?rest_route=\/wp\/v2\/pages\/291\/revisions"}],"predecessor-version":[{"id":447,"href":"https:\/\/familie-fussek.at\/index.php?rest_route=\/wp\/v2\/pages\/291\/revisions\/447"}],"wp:featuredmedia":[{"embeddable":true,"href":"https:\/\/familie-fussek.at\/index.php?rest_route=\/wp\/v2\/media\/305"}],"wp:attachment":[{"href":"https:\/\/familie-fussek.at\/index.php?rest_route=%2Fwp%2Fv2%2Fmedia&parent=291"}],"curies":[{"name":"wp","href":"https:\/\/api.w.org\/{rel}","templated":true}]}}